t is the remainder when 12 is divided by 4 - ((3 - (h + -2)) + -5)?
5
What is the remainder when (11 - (-11 - -27))*468/(-5) is divided by 10?
8
Let h(m) = 52*m**2 + 9*m - 2. What is the remainder when h(1) is divided by 23?
13
Suppose -116868 - 198884 = -58*s. What is the remainder when s is divided by 55?
54
Suppose -1442 = 15*t - 2417. What is the remainder when 440 is divided by t?
50
Suppose -5*o = -4*m - 20, -55 = 8*o - 13*o - 3*m. Calculate the remainder when 1261 is divided by o.
5
Suppose 109*l = 50*l + 9381. Calculate the remainder when 474 is divided by l.
156
Suppose -5*r + 1299 + 591 = -5*f, -1104 = -3*r - 3*f. Calculate the remainder when r is divided by 75.
73
Suppose -3*p + 6*p + 23104 - 59455 = 0. What is the remainder when p is divided by 12?
9
Suppose 3*x + 36 = -2*z + 193, -2*z - 5*x + 167 = 0. Suppose 0 = -2*d - 0*h - 2*h + 40, -2*h = -5*d + 65. What is the remainder when z is divided by d?
11
Let s(t) = -t**2 + 200*t - 425. What is the remainder when s(31) is divided by 25?
14
Suppose -l - 5*y + 47 = 0, -24*l + 4*y = -26*l + 100. Suppose -l = d - 70. What is the remainder when 141 is divided by d?
15
Let q be 4/(-3)*16*330/(-40). Let i = q - -65. What is the remainder when i is divided by 61?
58
Let d(p) = p**2 - 9*p + 15. Let l(q) = 6 - 2*q**2 + 4*q**2 + q - 11. Let u be l(3). What is the remainder when d(u) is divided by 43?
41
Let o = 33826 + -33795. What is the remainder when 367/3 + 1/(-3) is divided by o?
29
Suppose -17*b - 404 + 1951 = 0. Suppose -b = -6*u + 89. Let t(g) = 3*g**3 - 3*g**2 + g. What is the remainder when t(4) is divided by u?
28
Let k(v) = 117*v - 132. Let i(a) = a**3 - 9*a**2 + 10*a - 11. Let y be i(8). Calculate the remainder when k(y) is divided by 57.
54
What is the remainder when 563 is divided by 1*(-5 + 112 - -8)?
103
Let n(v) = -16*v + 11. Let y be (-2)/((2/7)/1). Calculate the remainder when n(y) is divided by 28.
11
Let p = 330 - 312. Suppose -z = -2*c - 3*z + 24, -4*z = -2*c + p. What is the remainder when 74 is divided by c?
8
Let g(r) be the second derivative of 31*r**3/6 + r**2/2 + 12*r. Suppose 3*p + 18 = 3*u, 0*p = -u - 5*p - 24. Calculate the remainder when g(u) is divided by 18.
14
Suppose 2*m = -2*p + 32, 30*p - 28*p - 37 = -3*m. Suppose 2 = 2*f - 2. What is the remainder when p is divided by f?
1
Suppose 49*y - 20019 = 16442 - 14852. Calculate the remainder when y is divided by 34.
33
Let r(x) = 382*x + 375*x - 140 - 727*x. Calculate the remainder when r(10) is divided by 7.
6
Let z = -10175 + 10356. What is the remainder when 1809 is divided by z?
180
Let m be (-3)/((-18)/(-4)) + (-5)/(-3). Calculate the remainder when 63 is divided by -2*(-14 - (m - 3)).
15
Suppose -4*w - x + 9 + 186 = 0, 2*x + 247 = 5*w. Suppose -196 = w*g - 56*g. Calculate the remainder when 558 is divided by g.
26
Let l = 94718 + -94680. Suppose z - 5*w = 0, -4*w = 2*z - 41 - 15. Calculate the remainder when l is divided by z.
18
Suppose -3*m = -75*m + 3168. What is the remainder when 406 is divided by m?
10
Let f(i) = -i**3 - 12 - 7*i**2 - 1 - 7 + 10 - 12*i + 0*i. Suppose 2*l = -3*l - 2*m - 43, -3*l + 5*m = 1. What is the remainder when f(l) is divided by 15?
14
Suppose -3 - 6 = -3*d. Suppose 2*r + 5 - d = 3*a, -2*a - 5*r = -33. Suppose 3*s - 19 = -3*o + 62, -a*o = s - 114. What is the remainder when o is divided by 10?
9
Let t(z) = -332*z + 2321. What is the remainder when t(6) is divided by 107?
8
Let i be -15 + 1/(-2)*-6. Calculate the remainder when ((-177)/i)/((-8)/(-32)) is divided by 33.
26
Suppose -2*q = v - 333, 86*q - 81*q - 1003 = -3*v. What is the remainder when 1263 is divided by v?
240
Let r = -45 - -64. Suppose -11*m + 22 = -0. Suppose 5*c - 148 = c + 3*y, m*y - 185 = -5*c. Calculate the remainder when c is divided by r.
18
Suppose 9 = 8*q - 39. Suppose 887 = q*y + 623. What is the remainder when 66 is divided by y?
22
Let d = -370 + 486. Suppose 3*f = -4*w + d, -3*w + 7 + 35 = f. Calculate the remainder when 138 is divided by f.
30
Suppose 2*s + 498 = -3*h + 519, 2*h = -5*s + 69. Calculate the remainder when 120 is divided by s.
0
Suppose -13*f = -11*f. Suppose -3 = 7*l - 157. What is the remainder when l is divided by 12/(0 + 1) + f?
10
Suppose 558*g - 555*g = 3*j - 126, -2*g + 21 = j. What is the remainder when j is divided by ((-6)/(-5))/(5/75)?
17
Suppose -6*m - 588 = -20*m. Suppose c + 3*c = 2*j - m, -c = -4*j + 112. Calculate the remainder when j is divided by 10.
9
Suppose 5*o = -4*i + 2*o + 183, -163 = -4*i + o. Suppose -i*a + 658 = 5*a. Calculate the remainder when 53 is divided by a.
11
Let v(t) = 226*t + 2. Let c be v(1). Let b = c - -82. Suppose 3*d = 4*d - 2*s - 106, 3*d - b = -2*s. Calculate the remainder when d is divided by 35.
34
Suppose 0 = -15*p + 1272 + 1023. Suppose 2*w + 3*d = w + 35, 4*w - 204 = 4*d. What is the remainder when p is divided by w?
12
Suppose -97*b = 72 - 3273. Calculate the remainder when 36 is divided by b.
3
Let h be -2*(-2)/8*(3 - 3). Let q be (h - (-4)/(-5))/((-2)/(-135)). Calculate the remainder when (-7764)/q - (1 + 11/(-9)) is divided by 21.
18
Suppose 9 = 3*z, -3*v - 3*z + 1107 = -2505. Calculate the remainder when v is divided by 149.
9
Let o be (-91580)/100 + 3/(-15). Let q = o + 922. What is the remainder when q is divided by 2/(-4) + 5/2?
0
Let q(z) = 6*z - 53. Let d be q(13). Suppose -d = w - 46. What is the remainder when 75 is divided by w?
12
Let x(u) = -u**3 + 2*u**2 - 13*u + 43. Let s be x(5). Let m = -82 - s. Calculate the remainder when 27 is divided by m.
12
Let g be (6/4)/(2/148). Let l = -76 + g. What is the remainder when (-9)/(-135) + 5 + (-41559)/(-315) is divided by l?
32
Suppose -2*c + 82 = 2*k, 41*k = -4*c + 36*k + 167. Calculate the remainder when c is divided by 30.
8
Let t(f) = -f - 2*f**2 + 1 + f**2 + 8*f + f. Let y be t(7). Suppose 13*l = y*l + 30. What is the remainder when 20 is divided by l?
2
Let u(z) be the second derivative of z**4/12 - 2*z**3 - 30*z**2 - 56*z. Calculate the remainder when 13 is divided by u(16).
1
Let n(b) = 520*b + 154. Calculate the remainder when n(2) is divided by 19.
16
Let z = 655996 - 655956. What is the remainder when -1 - ((-199)/1 - -1) is divided by z?
37
Let n(c) = -2*c**3 + 13*c**2 + 2*c + 16. Calculate the remainder when 345 is divided by n(4).
33
Let m = 126 - 121. Suppose -3*b = -2*p - 106, m*p = 5*b + 8*p - 164. Calculate the remainder when 130 is divided by b.
28
Suppose 182*c = 5510 + 778 + 446. Calculate the remainder when 624 is divided by c.
32
Let b(h) = 4*h + 3880. Let a be b(0). Suppose 5*l + 5*l - a = 0. Calculate the remainder when l is divided by 30.
28
Suppose -5*t + 500 = 5*w, 2329*w + 401 = 2333*w + 5*t. What is the remainder when w is divided by -3 + (-10 - -2)*-4?
12
Let k be (2 - (-9 + 1)) + -1. Let n be 240/k + 1/3 + 0. Suppose 25*d + 6 = n*d. Calculate the remainder when 13 is divided by d.
1
Suppose 4*o - 258 + 250 = 0. What is the remainder when 31 is divided by o/7 + 240/140?
1
Let t(f) = -31*f - 1080. Calculate the remainder when t(-36) is divided by 12.
0
What is the remainder when ((-276)/(-9))/(-4)*-381 is divided by 34?
31
Suppose 0 = w - 2*m - 5 + 1, -5*w - 4*m = -34. Suppose -w*l - 957 = -999. What is the remainder when 20 is divided by l?
6
Let j be (4 + -6)/(32/(-912)). Suppose -11 = -n + 2*q, -2*q + j - 8 = 3*n. Calculate the remainder when 284 is divided by n.
14
Let p(f) = 3*f**2 + 103*f - 444. Calculate the remainder when 866 is divided by p(4).
2
Suppose 5*g + 72 = 8*g. What is the remainder when (-4472)/208*(-9 - 1) is divided by g?
23
Calculate the remainder when 752 is divided by 9 + (3424/48)/(6/9).
56
Suppose 1 = d - 1, -475*d - 106 = -2*r - 478*d. Suppose 5*u = 5*p - 182 - 308, 2*p + 2*u = 200. What is the remainder when p is divided by r?
49
What is the remainder when 977 is divided by ((-2744)/56)/(1/(-1))?
46
Calculate the remainder when 489 + (-3)/(45/15) is divided by 18.
2
Suppose -4*i = 173 - 581. Suppose -5*b - 30 - i = -3*z, 0 = 3*z + 5*b - 102. Suppose 11*m - 4*m = 77. What is the remainder when z is divided by m?
6
Calculate the remainder when 1782 is divided by ((60/35)/(2/(-290)))/(8/(-28)).
42
Suppose 412 = 12*k - 8*k. Calculate the remainder when k is divided by (-64)/(-80) - (-181)/5.
29
Let s(u) = u**2 + 8*u - 2. Let 